rime factors of 554192?
2, 19, 1823
What are the prime factors of 3991939?
7, 487, 1171
What are the prime factors of 9136982?
2, 79, 57829
What are the prime factors of 276949?
276949
List the prime factors of 480627.
3, 7, 2543
What are the prime factors of 4598642?
2, 41, 56081
What are the prime factors of 12296443?
67, 223, 823
What are the prime factors of 1965997?
11, 29, 6163
What are the prime factors of 294292?
2, 29, 43, 59
List the prime factors of 961184.
2, 7, 613
What are the prime factors of 62523?
3, 6947
What are the prime factors of 642149?
642149
What are the prime factors of 512471?
643, 797
What are the prime factors of 2393511?
3, 313, 2549
What are the prime factors of 13718676?
2, 3, 1143223
What are the prime factors of 9935379?
3, 23, 5333
List the prime factors of 352809.
3, 73, 179
List the prime factors of 152979.
3, 50993
List the prime factors of 45417.
3, 15139
List the prime factors of 44237485.
5, 17, 653, 797
What are the prime factors of 32168?
2, 4021
What are the prime factors of 477059?
11, 31, 1399
What are the prime factors of 3320702?
2, 7, 11, 21563
What are the prime factors of 184082?
2, 92041
What are the prime factors of 2458937?
13, 189149
List the prime factors of 3036982.
2, 13, 17, 6871
What are the prime factors of 132127?
37, 3571
What are the prime factors of 1529092?
2, 251, 1523
List the prime factors of 2652693.
3, 884231
List the prime factors of 1084420.
2, 5, 59, 919
List the prime factors of 622977.
3, 281, 739
List the prime factors of 430908.
2, 3, 149, 241
List the prime factors of 2429498.
2, 1214749
List the prime factors of 2933558.
2, 23, 63773
List the prime factors of 4360188.
2, 3, 7, 51907
What are the prime factors of 800180?
2, 5, 40009
What are the prime factors of 144236?
2, 107, 337
List the prime factors of 3948849.
3, 438761
List the prime factors of 16168.
2, 43, 47
List the prime factors of 1689449.
97, 17417
What are the prime factors of 2889180?
2, 3, 5, 7, 2293
What are the prime factors of 209861?
209861
What are the prime factors of 175275?
3, 5, 19, 41
What are the prime factors of 226899?
3, 17, 1483
What are the prime factors of 2038778?
2, 7, 107, 1361
What are the prime factors of 1322212?
2, 31, 10663
What are the prime factors of 138998?
2, 69499
List the prime factors of 4731439.
4731439
What are the prime factors of 441036?
2, 3, 12251
List the prime factors of 10629593.
13, 62897
What are the prime factors of 134961?
3, 44987
List the prime factors of 289717.
289717
List the prime factors of 667262.
2, 333631
List the prime factors of 3276014.
2, 7, 29, 8069
List the prime factors of 1125957.
3, 7, 53617
What are the prime factors of 4218122?
2, 1217, 1733
List the prime factors of 36037.
36037
List the prime factors of 7228654.
2, 271, 13337
List the prime factors of 490324.
2, 37, 3313
What are the prime factors of 2077242?
2, 3, 346207
What are the prime factors of 190362?
2, 3, 31727
List the prime factors of 12586943.
2053, 6131
List the prime factors of 421027.
241, 1747
What are the prime factors of 166251?
3, 151, 367
List the prime factors of 479324.
2, 119831
List the prime factors of 2408079.
3, 19, 83, 509
What are the prime factors of 491090?
2, 5, 49109
What are the prime factors of 393088?
2, 37, 83
List the prime factors of 3276597.
3, 17, 41, 1567
List the prime factors of 203473.
17, 11969
What are the prime factors of 681178?
2, 421, 809
List the prime factors of 3037736.
2, 13, 29209
What are the prime factors of 264156?
2, 3, 22013
What are the prime factors of 1166279?
1069, 1091
List the prime factors of 5553481.
967, 5743
List the prime factors of 229531.
89, 2579
List the prime factors of 8074984.
2, 1009373
What are the prime factors of 10332050?
2, 5, 206641
List the prime factors of 224319.
3, 23, 3251
What are the prime factors of 2963153?
619, 4787
What are the prime factors of 3457202?
2, 7, 19, 41, 317
What are the prime factors of 13455?
3, 5, 13, 23
What are the prime factors of 1194298?
2, 7, 23, 3709
What are the prime factors of 316935?
3, 5, 7043
List the prime factors of 90487.
41, 2207
List the prime factors of 10495088.
2, 655943
What are the prime factors of 252533?
252533
List the prime factors of 3861845.
5, 13, 19, 53, 59
What are the prime factors of 160860?
2, 3, 5, 7, 383
List the prime factors of 17189368.
2, 7, 306953
What are the prime factors of 451119?
3, 150373
What are the prime factors of 88376?
2, 11047
List the prime factors of 161389.
199, 811
List the prime factors of 13576349.
13576349
What are the prime factors of 115054?
2, 57527
What are the prime factors of 493352?
2, 83, 743
List the prime factors of 21419241.
3, 1319, 5413
List the prime factors of 33814818.
2, 3, 37, 50773
List the prime factors of 3327728.
2, 241, 863
What are the prime factors of 2684622?
2, 3, 257, 1741
What are the prime factors of 23662857?
3, 43, 53, 3461
What are the prime factors of 22736?
2, 7, 29
List the prime factors of 108339.
3, 7, 11, 67
What are the prime factors of 4215519?
3, 7, 11, 79
What are the prime factors of 109434?
2, 3, 13, 23, 61
List the prime factors of 503552.
2, 7, 281
What are the prime factors of 2610183?
3, 41, 21221
List the prime factors of 176753.
176753
List the prime factors of 6730574.
2, 3365287
What are the prime factors of 1200509?
1200509
List the prime factors of 135159.
3, 45053
List the prime factors of 22311981.
3, 47, 52747
List the prime factors of 210047.
29, 7243
List the prime factors of 1609447.
7, 43, 5347
List the prime factors of 1202120.
2, 5, 41, 733
List the prime factors of 15989651.
89, 179659
What are the prime factors of 40111?
40111
What are the prime factors of 313354?
2, 156677
What are the prime factors of 5338676?
2, 7, 190667
List the prime factors of 18780077.
18780077
What are the prime factors of 25264014?
2, 3, 1381, 3049
What are the prime factors of 2266524?
2, 3, 13, 29, 167
What are the prime factors of 65247?
3, 7, 13, 239
List the prime factors of 10329.
3, 11, 313
List the prime factors of 377302.
2, 19, 9929
List the prime factors of 2404439.
1151, 2089
List the prime factors of 456295.
5, 7, 13037
List the prime factors of 687054.
2, 3, 43, 2663
What are the prime factors of 2964555?
3, 5, 11, 53, 113
List the prime factors of 511897.
511897
What are the prime factors of 19201583?
1907, 10069
List the prime factors of 5150636.
2, 47, 27397
What are the prime factors of 7679240?
2, 5, 17, 23, 491
List the prime factors of 129788.
2, 71, 457
What are the prime factors of 13498220?
2, 5, 479, 1409
What are the prime factors of 7246580?
2, 5, 11, 32939
List the prime factors of 297167.
13, 22859
What are the prime factors of 233507?
37, 6311
List the prime factors of 988921.
163, 6067
List the prime factors of 869295.
3, 5, 7, 17, 487
What are the prime factors of 3686762?
2, 23, 80147
What are the prime factors of 14367143?
7, 293207
What are the prime factors of 463349?
563, 823
List the prime factors of 5831117.
29, 201073
What are the prime factors of 174680?
2, 5, 11, 397
List the prime factors of 9445260.
2, 3, 5, 11, 1301
What are the prime factors of 1358645?
5, 271729
List the prime factors of 11734332.
2, 3, 977861
List the prime factors of 698433.
3, 232811
List the prime factors of 134509.
31, 4339
List the prime factors of 34414091.
2707, 12713
What are the prime factors of 6873867?
3, 7, 11, 13, 109
List the prime factors of 2082859.
31, 67189
List the prime factors of 10394.
2, 5197
List the prime factors of 2130922.
2, 241, 4421
What are the prime factors of 88557?
3, 7, 4217
What are the prime factors of 6441379?
7, 920197
What are the prime factors of 9799637?
191, 51307
List the prime factors of 142947.
3, 7, 2269
What are the prime factors of 451641?
3, 151, 997
List the prime factors of 2914065.
3, 5, 7, 11, 29
What are the prime factors of 1522000?
2, 5, 761
List the prime factors of 282279.
3, 23, 4091
List the prime factors of 7870423.
11, 59, 67, 181
What are the prime factors of 606845?
5, 121369
List the prime factors of 2271795.
3, 5, 17, 59, 151
What are the prime factors of 1572613?
7, 271, 829
What are the prime factors of 852022?
2, 426011
List the prime factors of 7665709.
1621, 4729
List the prime 